{"id":2910,"date":"2022-12-12T09:25:53","date_gmt":"2022-12-12T09:25:53","guid":{"rendered":"https:\/\/snowfall.centralmediacsoport.hu\/hazipatika\/?page_id=2910"},"modified":"2022-12-12T12:42:53","modified_gmt":"2022-12-12T12:42:53","slug":"fustmentes-kviz","status":"publish","type":"page","link":"https:\/\/snowfall.centralmediacsoport.hu\/hazipatika\/fustmentes-kviz\/","title":{"rendered":"F\u00fcstmentes kv\u00edz"},"content":{"rendered":"\t\t<div data-elementor-type=\"wp-page\" data-elementor-id=\"2910\" class=\"elementor elementor-2910\">\n\t\t\t\t\t\t\t\t\t<section class=\"elementor-section elementor-top-section elementor-element elementor-element-21013d0 elementor-section-boxed elementor-section-height-default elementor-section-height-default\" data-id=\"21013d0\" data-element_type=\"section\">\n\t\t\t\t\t\t<div class=\"elementor-container elementor-column-gap-default\">\n\t\t\t\t\t<div class=\"elementor-column elementor-col-100 elementor-top-column elementor-element elementor-element-5744d7c\" data-id=\"5744d7c\" data-element_type=\"column\">\n\t\t\t<div class=\"elementor-widget-wrap elementor-element-populated\">\n\t\t\t\t\t\t\t\t<section class=\"elementor-section elementor-inner-section elementor-element elementor-element-e20b7ed elementor-section-full_width elementor-section-content-middle elementor-section-height-default elementor-section-height-default\" data-id=\"e20b7ed\" data-element_type=\"section\">\n\t\t\t\t\t\t<div class=\"elementor-container elementor-column-gap-default\">\n\t\t\t\t\t<div class=\"elementor-column elementor-col-100 elementor-inner-column elementor-element elementor-element-6f18431\" data-id=\"6f18431\" data-element_type=\"column\">\n\t\t\t<div class=\"elementor-widget-wrap elementor-element-populated\">\n\t\t\t\t\t\t\t\t<div class=\"elementor-element elementor-element-2c6194f elementor-widget elementor-widget-text-editor\" data-id=\"2c6194f\" data-element_type=\"widget\" data-widget_type=\"text-editor.default\">\n\t\t\t\t<div class=\"elementor-widget-container\">\n\t\t\t<style>\/*! elementor - v3.13.3 - 22-05-2023 *\/\n.elementor-widget-text-editor.elementor-drop-cap-view-stacked .elementor-drop-cap{background-color:#69727d;color:#fff}.elementor-widget-text-editor.elementor-drop-cap-view-framed .elementor-drop-cap{color:#69727d;border:3px solid;background-color:transparent}.elementor-widget-text-editor:not(.elementor-drop-cap-view-default) .elementor-drop-cap{margin-top:8px}.elementor-widget-text-editor:not(.elementor-drop-cap-view-default) .elementor-drop-cap-letter{width:1em;height:1em}.elementor-widget-text-editor .elementor-drop-cap{float:left;text-align:center;line-height:1;font-size:50px}.elementor-widget-text-editor .elementor-drop-cap-letter{display:inline-block}<\/style>\t\t\t\t<div class=\"logo\" style=\"float: left; max-width: 65% !important;\"><img decoding=\"async\" loading=\"lazy\" class=\"size-full wp-image-2912 alignleft\" style=\"width: 21vh; height: auto;\" src=\"https:\/\/snowfall.centralmediacsoport.hu\/uploads\/sites\/5\/2022\/12\/HP_logo_new.png\" alt=\"\" width=\"197\" height=\"40\" \/><span style=\"font-family: 'Manrope'; font-style: 700; font-weight: 800; font-size: 3vh; white-space: pre-wrap; align-items: center; text-align: center; text-transform: uppercase; color: #485c68; margin-left: 20px; vertical-align: top;\">F\u00fcstmentes kv\u00edz<\/span><\/div>\n<div style=\"max-width: 35% !important; float: right;\"><img decoding=\"async\" loading=\"lazy\" class=\"size-full wp-image-2913 alignright\" style=\"width: 30vh; height: auto;\" src=\"https:\/\/snowfall.centralmediacsoport.hu\/uploads\/sites\/5\/2022\/12\/DobjLeVol2_FustmentesVarosert_arculat_LOGO-11.png\" alt=\"\" width=\"286\" height=\"104\" srcset=\"https:\/\/snowfall.centralmediacsoport.hu\/uploads\/sites\/5\/2022\/12\/DobjLeVol2_FustmentesVarosert_arculat_LOGO-11.png 286w, https:\/\/snowfall.centralmediacsoport.hu\/uploads\/sites\/5\/2022\/12\/DobjLeVol2_FustmentesVarosert_arculat_LOGO-11-200x73.png 200w\" sizes=\"(max-width: 286px) 100vw, 286px\" \/><\/div>\t\t\t\t\t\t<\/div>\n\t\t\t\t<\/div>\n\t\t\t\t\t<\/div>\n\t\t<\/div>\n\t\t\t\t\t\t\t<\/div>\n\t\t<\/section>\n\t\t\t\t\t<\/div>\n\t\t<\/div>\n\t\t\t\t\t\t\t<\/div>\n\t\t<\/section>\n\t\t\t\t<section class=\"elementor-section elementor-top-section elementor-element elementor-element-d3741ec elementor-section-boxed elementor-section-height-default elementor-section-height-default\" data-id=\"d3741ec\" data-element_type=\"section\" data-settings=\"{&quot;background_background&quot;:&quot;classic&quot;}\" data-e-bg-lazyload=\"\">\n\t\t\t\t\t\t<div class=\"elementor-container elementor-column-gap-default\">\n\t\t\t\t\t<div class=\"elementor-column elementor-col-100 elementor-top-column elementor-element elementor-element-8bc8262\" data-id=\"8bc8262\" data-element_type=\"column\">\n\t\t\t<div class=\"elementor-widget-wrap elementor-element-populated\">\n\t\t\t\t\t\t\t\t<section class=\"elementor-section elementor-inner-section elementor-element elementor-element-15b4c6a elementor-section-boxed elementor-section-height-default elementor-section-height-default\" data-id=\"15b4c6a\" data-element_type=\"section\">\n\t\t\t\t\t\t<div class=\"elementor-container elementor-column-gap-default\">\n\t\t\t\t\t<div class=\"elementor-column elementor-col-100 elementor-inner-column elementor-element elementor-element-b194105\" data-id=\"b194105\" data-element_type=\"column\">\n\t\t\t<div class=\"elementor-widget-wrap elementor-element-populated\">\n\t\t\t\t\t\t\t\t<div class=\"elementor-element elementor-element-f6f4778 elementor-widget elementor-widget-text-editor\" data-id=\"f6f4778\" data-element_type=\"widget\" data-widget_type=\"text-editor.default\">\n\t\t\t\t<div class=\"elementor-widget-container\">\n\t\t\t\t\t\t\t<h2 style=\"font-size: 6vh;\"><span style=\"white-space: pre-wrap;\">Mi\u00e9rt vesz\u00e9lyes a doh\u00e1nyf\u00fcst?<\/span><\/h2>\n<h3><span style=\"white-space: pre-wrap;\">Tudj meg t\u00f6bbet a kv\u00edzb\u0151l!<\/span><\/h3>\t\t\t\t\t\t<\/div>\n\t\t\t\t<\/div>\n\t\t\t\t\t<\/div>\n\t\t<\/div>\n\t\t\t\t\t\t\t<\/div>\n\t\t<\/section>\n\t\t\t\t<section class=\"elementor-section elementor-inner-section elementor-element elementor-element-c41aad6 elementor-section-boxed elementor-section-height-default elementor-section-height-default\" data-id=\"c41aad6\" data-element_type=\"section\">\n\t\t\t\t\t\t<div class=\"elementor-container elementor-column-gap-default\">\n\t\t\t\t\t<div class=\"elementor-column elementor-col-100 elementor-inner-column elementor-element elementor-element-b014ad6\" data-id=\"b014ad6\" data-element_type=\"column\">\n\t\t\t<div class=\"elementor-widget-wrap elementor-element-populated\">\n\t\t\t\t\t\t\t\t<div class=\"elementor-element elementor-element-6a08d94 elementor-widget elementor-widget-html\" data-id=\"6a08d94\" data-element_type=\"widget\" data-widget_type=\"html.default\">\n\t\t\t\t<div class=\"elementor-widget-container\">\n\t\t\t<center>\n<button data-tf-popup=\"mJtGlnXC\" data-tf-iframe-props=\"title=F\u00fcstmentes H\u00e1zipatika kv\u00edz\" data-tf-medium=\"snippet\" style=\"all:unset;font-family:Helvetica,Arial,sans-serif;display:inline-block;max-width:100%;white-space:nowrap;overflow:hidden;text-overflow:ellipsis;background-color:#00314A;color:#FFFFFF;font-size:24px;border-radius:5px;padding:0 38px;font-weight:bold;height:60px;cursor:pointer;line-height:55px;text-align:center;margin:0;text-decoration:none;\">Kv\u00edz ind\u00edt\u00e1sa<\/button><script src=\"\/\/embed.typeform.com\/next\/embed.js\"><\/script><\/center>\t\t<\/div>\n\t\t\t\t<\/div>\n\t\t\t\t<div class=\"elementor-element elementor-element-722496d elementor-widget elementor-widget-html\" data-id=\"722496d\" data-element_type=\"widget\" data-widget_type=\"html.default\">\n\t\t\t\t<div class=\"elementor-widget-container\">\n\t\t\t<!-- CUSTOM ADULT BOX -->\n    <style type=\"text\/css\">\n        #custom-adult-overlay {\n            position: fixed;\n            top: 0;\n            left: 0;\n            width: 100%;\n            height: 100vh;\n            background: #64b6c9;\n            z-index: 10000;\n        }\n        #custom-adult-box-container {\n            display: flex;\n            justify-content: center;\n            align-items: center;\n            height: 100%;\n        }\n        #custom-adult-box {\n            width: 320px;\n            height: auto;\n        }\n        #custom-adult-box .custom-adult-box-age {\n            width: 150px;\n            height: 150px;\n            margin: 0 auto 25px auto;\n            padding-left: 24px;\n            padding-top: 10px;\n            border-radius: 50%;\n            background: #fff;\n            color: #64b6c9;\n            font-size: 80px;\n            font-size: 7rem;\n            font-weight: 600;\n            text-align: left;\n        }\n        #custom-adult-box .custom-adult-box-title {\n            margin: 0 0 15px 0;\n            font-size: 28px;\n            font-size: 2.2rem;\n            line-height: 24px;\n            font-weight: 600;\n            text-align: center;\n        }\n        #custom-adult-box .custom-adult-box-desc {\n            margin: 0 0 25px 0;\n            font-size: 14px;\n            font-size: 1.4rem;\n            line-height: 28px;\n            font-weight: 400;\n            text-align: center;\n            font-family:arial;\n        }\n        #custom-adult-box .custom-adult-box-btn {\n            display: block;\n            width: 100%;\n            margin: 15px auto;\n            padding: 10px 5px;\n            background: #fff;\n            color: #64b6c9;\n            border: none;\n            border-radius: 5px;\n            font-size: 18px;\n            font-size: 1.8rem;\n            font-weight: 600;\n            line-height: 20px;\n            text-align: center;\n            text-transform: uppercase;\n            cursor: pointer;\n            text-decoration: none\n        }\n    <\/style>\n    <script type=\"text\/javascript\">\n        var CustomAdultBox = new function () {\n            this.cookieName = 'hpcustom-adult-box';\n            this.cookieValue = '1';\n            this.overlayHtml = '<div id=\"custom-adult-overlay\">'\n                + '<div id=\"custom-adult-box-container\">'\n                + '<div id=\"custom-adult-box\">'\n                + '<div class=\"custom-adult-box-age\">18<\/div>'\n                + '<p class=\"custom-adult-box-title\">Elm\u00falt\u00e1l 18 \u00e9ves?<\/p>'\n                + '<p class=\"custom-adult-box-desc\">Ez a tartalom kiz\u00e1r\u00f3lag nagykor\u00fa szem\u00e9lyek sz\u00e1m\u00e1ra ny\u00fajt t\u00e1j\u00e9koztat\u00e1st! Az \"Igen\" gombra  kattint\u00e1ssal kijelented, hogy elm\u00falt\u00e1l 18 \u00e9ves.<\/p>'\n                + '<p><a href=\"#\" id=\"custom-adult-box-btn-over\" class=\"custom-adult-box-btn\" onclick=\"CustomAdultBox.clickOnOverBtn();return false;\">Igen<\/a><\/p>'\n                + '<p><a href=\"#\" id=\"custom-adult-box-btn-under\"class=\"custom-adult-box-btn\" onclick=\"CustomAdultBox.clickOnUnderBtn();return false;\">Nem<\/a><\/p>'\n                + '<\/div>'\n                + '<\/div>'\n                + '<\/div >';\n            this.interval = '';\n            this.init = function () {\n                if (this.getCookie(this.cookieName) == this.cookieValue) {\n                    return;\n                }\n                jQuery('body').append(this.overlayHtml);\n                var that = this;\n                this.interval = setInterval(\n                    function () {\n                        that.copyCss();\n                    }, 1\n                );\n            };\n            this.clickOnOverBtn = function () {\n                clearInterval(this.interval);\n                this.setCookie(this.cookieName, this.cookieValue, 0);\n                jQuery('#custom-adult-overlay').remove();\n            };\n            this.clickOnUnderBtn = function () {\n                window.location.href = window.location.protocol + '\/\/' + window.location.hostname;\n            };\n            this.setCookie = function (cname, cvalue, exdays) {\n                if (exdays > 0) {\n                    var d = new Date();\n                    d.setTime(d.getTime() + (exdays * 24 * 60 * 60 * 1000));\n                    var expires = \"expires=\" + d.toUTCString();\n                    document.cookie = cname + \"=\" + cvalue + \";\" + expires + \";path=\/\";\n                } else {\n                    document.cookie = cname + \"=\" + cvalue + \";path=\/\";\n                }\n            };\n            this.getCookie = function (cname) {\n                var name = cname + \"=\";\n                var ca = document.cookie.split(';');\n                for (var i = 0; i < ca.length; i++) {\n                    var c = ca[i];\n                    while (c.charAt(0) == ' ') {\n                        c = c.substring(1);\n                    }\n                    if (c.indexOf(name) == 0) {\n                        return c.substring(name.length, c.length);\n                    }\n                }\n                return \"\";\n            };\n            this.copyCss = function () {\n                var transform = jQuery('.snowfall-header').css('transform');\n                jQuery('#custom-adult-overlay').css('transform', transform);\n            };\n        };\n        jQuery(document).ready(function () {\n            setTimeout(function () {\n                CustomAdultBox.init();\n            }, 1000);\n        });\n    <\/script>\n    <!-- \/CUSTOM ADULT BOX -->\t\t<\/div>\n\t\t\t\t<\/div>\n\t\t\t\t\t<\/div>\n\t\t<\/div>\n\t\t\t\t\t\t\t<\/div>\n\t\t<\/section>\n\t\t\t\t\t<\/div>\n\t\t<\/div>\n\t\t\t\t\t\t\t<\/div>\n\t\t<\/section>\n\t\t\t\t<section class=\"elementor-section elementor-top-section elementor-element elementor-element-bb544d2 elementor-section-boxed elementor-section-height-default elementor-section-height-default\" data-id=\"bb544d2\" data-element_type=\"section\" data-settings=\"{&quot;background_background&quot;:&quot;classic&quot;}\">\n\t\t\t\t\t\t<div class=\"elementor-container elementor-column-gap-default\">\n\t\t\t\t\t<div class=\"elementor-column elementor-col-100 elementor-top-column elementor-element elementor-element-de16560\" data-id=\"de16560\" data-element_type=\"column\">\n\t\t\t<div class=\"elementor-widget-wrap elementor-element-populated\">\n\t\t\t\t\t\t\t\t<section class=\"elementor-section elementor-inner-section elementor-element elementor-element-b34c9b8 elementor-section-boxed elementor-section-height-default elementor-section-height-default\" data-id=\"b34c9b8\" data-element_type=\"section\">\n\t\t\t\t\t\t<div class=\"elementor-container elementor-column-gap-default\">\n\t\t\t\t\t<div class=\"elementor-column elementor-col-100 elementor-inner-column elementor-element elementor-element-f1dce03\" data-id=\"f1dce03\" data-element_type=\"column\">\n\t\t\t<div class=\"elementor-widget-wrap elementor-element-populated\">\n\t\t\t\t\t\t\t\t<div class=\"elementor-element elementor-element-8f1da23 elementor-widget elementor-widget-text-editor\" data-id=\"8f1da23\" data-element_type=\"widget\" data-widget_type=\"text-editor.default\">\n\t\t\t\t<div class=\"elementor-widget-container\">\n\t\t\t\t\t\t\t<p><span style=\"white-space: pre-wrap;\">A kv\u00edz t\u00e1rsadalmi felvil\u00e1gos\u00edt\u00e1s c\u00e9lj\u00e1b\u00f3l l\u00e9trej\u00f6tt, rekl\u00e1mc\u00e9lokat nem szolg\u00e1l\u00f3 t\u00e1j\u00e9koztat\u00e1s, megrendel\u0151je a <b>Philip Morris Magyarorsz\u00e1g Kft.<\/b><\/span><\/p><p><span style=\"white-space: pre-wrap;\">Ha szeretn\u00e9l t\u00f6bbet tudni arr\u00f3l hogyan cs\u00f6kkentheted az \u00e1rtalmakat a h\u00e9tk\u00f6znapokban akkor kattints tov\u00e1bbi tartalmak\u00e9rt<\/span><\/p>\t\t\t\t\t\t<\/div>\n\t\t\t\t<\/div>\n\t\t\t\t\t<\/div>\n\t\t<\/div>\n\t\t\t\t\t\t\t<\/div>\n\t\t<\/section>\n\t\t\t\t<section class=\"elementor-section elementor-inner-section elementor-element elementor-element-d46fd76 elementor-section-boxed elementor-section-height-default elementor-section-height-default\" data-id=\"d46fd76\" data-element_type=\"section\">\n\t\t\t\t\t\t<div class=\"elementor-container elementor-column-gap-default\">\n\t\t\t\t\t<div class=\"elementor-column elementor-col-50 elementor-inner-column elementor-element elementor-element-486413b\" data-id=\"486413b\" data-element_type=\"column\">\n\t\t\t<div class=\"elementor-widget-wrap elementor-element-populated\">\n\t\t\t\t\t\t\t\t<div class=\"elementor-element elementor-element-4294e51 elementor-button-info elementor-align-right elementor-mobile-align-center elementor-widget elementor-widget-button\" data-id=\"4294e51\" data-element_type=\"widget\" data-widget_type=\"button.default\">\n\t\t\t\t<div class=\"elementor-widget-container\">\n\t\t\t\t\t<div class=\"elementor-button-wrapper\">\n\t\t\t<a href=\"http:\/\/www.fustmenteskalkulator.hu\" class=\"elementor-button-link elementor-button elementor-size-md\" role=\"button\">\n\t\t\t\t\t\t<span class=\"elementor-button-content-wrapper\">\n\t\t\t\t\t\t<span class=\"elementor-button-text\">www.fustmenteskalkulator.hu<\/span>\n\t\t<\/span>\n\t\t\t\t\t<\/a>\n\t\t<\/div>\n\t\t\t\t<\/div>\n\t\t\t\t<\/div>\n\t\t\t\t\t<\/div>\n\t\t<\/div>\n\t\t\t\t<div class=\"elementor-column elementor-col-50 elementor-inner-column elementor-element elementor-element-8be5176\" data-id=\"8be5176\" data-element_type=\"column\">\n\t\t\t<div class=\"elementor-widget-wrap elementor-element-populated\">\n\t\t\t\t\t\t\t\t<div class=\"elementor-element elementor-element-89fa2e1 elementor-button-info elementor-align-left elementor-mobile-align-center elementor-widget elementor-widget-button\" data-id=\"89fa2e1\" data-element_type=\"widget\" data-widget_type=\"button.default\">\n\t\t\t\t<div class=\"elementor-widget-container\">\n\t\t\t\t\t<div class=\"elementor-button-wrapper\">\n\t\t\t<a href=\"http:\/\/www.dobjle100at.hu\" class=\"elementor-button-link elementor-button elementor-size-md\" role=\"button\">\n\t\t\t\t\t\t<span class=\"elementor-button-content-wrapper\">\n\t\t\t\t\t\t<span class=\"elementor-button-text\">www.dobjle100at.hu<\/span>\n\t\t<\/span>\n\t\t\t\t\t<\/a>\n\t\t<\/div>\n\t\t\t\t<\/div>\n\t\t\t\t<\/div>\n\t\t\t\t\t<\/div>\n\t\t<\/div>\n\t\t\t\t\t\t\t<\/div>\n\t\t<\/section>\n\t\t\t\t\t<\/div>\n\t\t<\/div>\n\t\t\t\t\t\t\t<\/div>\n\t\t<\/section>\n\t\t\t\t\t\t\t<\/div>\n\t\t","protected":false},"excerpt":{"rendered":"<p>F\u00fcstmentes kv\u00edz Mi\u00e9rt vesz\u00e9lyes a doh\u00e1nyf\u00fcst? Tudj meg t\u00f6bbet a kv\u00edzb\u0151l! Kv\u00edz ind\u00edt\u00e1sa A kv\u00edz t\u00e1rsadalmi felvil\u00e1gos\u00edt\u00e1s c\u00e9lj\u00e1b\u00f3l l\u00e9trej\u00f6tt, rekl\u00e1mc\u00e9lokat nem szolg\u00e1l\u00f3 t\u00e1j\u00e9koztat\u00e1s, megrendel\u0151je a Philip Morris Magyarorsz\u00e1g Kft. Ha szeretn\u00e9l t\u00f6bbet tudni arr\u00f3l hogyan cs\u00f6kkentheted az \u00e1rtalmakat a h\u00e9tk\u00f6znapokban akkor kattints tov\u00e1bbi tartalmak\u00e9rt www.fustmenteskalkulator.hu www.dobjle100at.hu<\/p>\n","protected":false},"author":1,"featured_media":0,"parent":0,"menu_order":0,"comment_status":"closed","ping_status":"closed","template":"","meta":[],"acf":[],"aioseo_notices":[],"_links":{"self":[{"href":"https:\/\/snowfall.centralmediacsoport.hu\/hazipatika\/wp-json\/wp\/v2\/pages\/2910"}],"collection":[{"href":"https:\/\/snowfall.centralmediacsoport.hu\/hazipatika\/wp-json\/wp\/v2\/pages"}],"about":[{"href":"https:\/\/snowfall.centralmediacsoport.hu\/hazipatika\/wp-json\/wp\/v2\/types\/page"}],"author":[{"embeddable":true,"href":"https:\/\/snowfall.centralmediacsoport.hu\/hazipatika\/wp-json\/wp\/v2\/users\/1"}],"replies":[{"embeddable":true,"href":"https:\/\/snowfall.centralmediacsoport.hu\/hazipatika\/wp-json\/wp\/v2\/comments?post=2910"}],"version-history":[{"count":5,"href":"https:\/\/snowfall.centralmediacsoport.hu\/hazipatika\/wp-json\/wp\/v2\/pages\/2910\/revisions"}],"predecessor-version":[{"id":3014,"href":"https:\/\/snowfall.centralmediacsoport.hu\/hazipatika\/wp-json\/wp\/v2\/pages\/2910\/revisions\/3014"}],"wp:attachment":[{"href":"https:\/\/snowfall.centralmediacsoport.hu\/hazipatika\/wp-json\/wp\/v2\/media?parent=2910"}],"curies":[{"name":"wp","href":"https:\/\/api.w.org\/{rel}","templated":true}]}}